rs of 36671622.
2, 3, 13, 470149
What are the prime factors of 21008758?
2, 71, 147949
List the prime factors of 260465022.
2, 3, 73, 198223
List the prime factors of 149576320.
2, 5, 233713
What are the prime factors of 516789812?
2, 7, 11, 149, 11261
List the prime factors of 230437013.
7523, 30631
What are the prime factors of 194604148?
2, 48651037
List the prime factors of 20384523.
3, 1237, 1831
What are the prime factors of 57757359?
3, 11, 19, 251, 367
List the prime factors of 2514241.
2514241
List the prime factors of 872589398.
2, 787, 554377
List the prime factors of 20572883.
20572883
List the prime factors of 118683781.
4231, 28051
What are the prime factors of 230860155?
3, 5, 29, 530713
List the prime factors of 23081085.
3, 5, 170971
List the prime factors of 161198792.
2, 109, 401, 461
List the prime factors of 377530075.
5, 13, 71, 16361
List the prime factors of 954959065.
5, 8539, 22367
What are the prime factors of 2780500814?
2, 7, 13, 15277477
List the prime factors of 39462600.
2, 3, 5, 89, 739
List the prime factors of 196637897.
19, 53, 195271
What are the prime factors of 75698487?
3, 8410943
List the prime factors of 1572445928.
2, 19, 127, 81457
List the prime factors of 181466002.
2, 31, 79, 37049
What are the prime factors of 400994643?
3, 7, 409, 46687
List the prime factors of 374911324.
2, 43, 281, 7757
What are the prime factors of 858499174?
2, 13, 33019199
List the prime factors of 57686841.
3, 163, 39323
List the prime factors of 2515627763.
11, 2677, 85429
What are the prime factors of 233384702?
2, 116692351
What are the prime factors of 4669761316?
2, 11, 4597, 23087
List the prime factors of 21396647.
23, 930289
List the prime factors of 3118427081.
7, 11, 37, 271, 577
What are the prime factors of 340531229?
1949, 174721
What are the prime factors of 23751053?
31, 766163
What are the prime factors of 920418927?
3, 306806309
What are the prime factors of 3371604502?
2, 7, 37, 47, 79, 1753
What are the prime factors of 1073472760?
2, 5, 26836819
List the prime factors of 15500120.
2, 5, 387503
What are the prime factors of 190409624?
2, 23801203
List the prime factors of 6870225851.
6870225851
What are the prime factors of 1036819343?
7, 269, 550621
What are the prime factors of 48870693?
3, 5430077
What are the prime factors of 12124145?
5, 11, 17, 12967
List the prime factors of 309927840.
2, 3, 5, 645683
What are the prime factors of 6552260903?
19, 2663, 129499
List the prime factors of 2602032109.
2671, 974179
What are the prime factors of 40912925?
5, 457, 3581
What are the prime factors of 16290233?
17, 23, 61, 683
What are the prime factors of 64627005?
3, 5, 4308467
List the prime factors of 260450082.
2, 3, 14469449
What are the prime factors of 93737408?
2, 263, 5569
List the prime factors of 6076369.
13, 149, 3137
What are the prime factors of 433561737?
3, 7, 197, 104801
List the prime factors of 2557650137.
7, 3121, 117071
What are the prime factors of 89227102?
2, 229, 194819
List the prime factors of 475045463.
241, 1971143
What are the prime factors of 879937026?
2, 3, 127, 137, 8429
What are the prime factors of 2559793386?
2, 3, 61, 317, 22063
List the prime factors of 325323583.
13, 229, 109279
List the prime factors of 67248870.
2, 3, 5, 13, 172433
What are the prime factors of 29853977?
23, 47, 27617
What are the prime factors of 183564445?
5, 36712889
What are the prime factors of 319721347?
11, 197, 147541
What are the prime factors of 762294720?
2, 3, 5, 11, 37, 1951
List the prime factors of 340209013.
193, 691, 2551
List the prime factors of 3394772495.
5, 677, 1002887
List the prime factors of 71456340.
2, 3, 5, 19, 3299
What are the prime factors of 1280683722?
2, 3, 213447287
What are the prime factors of 220689786?
2, 3, 449, 81919
List the prime factors of 82515918.
2, 3, 13752653
What are the prime factors of 2629915391?
1787, 1471693
What are the prime factors of 1987554464?
2, 7, 67, 18919
What are the prime factors of 1062867646?
2, 137, 617, 6287
List the prime factors of 10803228.
2, 3, 17, 52957
List the prime factors of 2309249718.
2, 3, 1049, 122299
List the prime factors of 112044953.
59, 887, 2141
List the prime factors of 30982524.
2, 3, 2581877
What are the prime factors of 106886108?
2, 7, 383, 9967
What are the prime factors of 994754320?
2, 5, 7, 17, 104491
List the prime factors of 1736526872.
2, 217065859
What are the prime factors of 61229443?
11, 151, 191, 193
What are the prime factors of 131442503?
47, 2796649
List the prime factors of 884361547.
389, 827, 2749
List the prime factors of 80025940.
2, 5, 1949, 2053
What are the prime factors of 100055867?
41, 2440387
What are the prime factors of 14016868?
2, 3504217
What are the prime factors of 645555608?
2, 2969, 27179
What are the prime factors of 39095899?
39095899
What are the prime factors of 185173886?
2, 19, 449, 10853
What are the prime factors of 82196331?
3, 7, 3914111
What are the prime factors of 2171392234?
2, 11, 23, 61, 103, 683
List the prime factors of 1446670983.
3, 482223661
What are the prime factors of 347825635?
5, 69565127
List the prime factors of 136147739.
7, 13, 1496129
List the prime factors of 10188047.
19, 536213
List the prime factors of 2283729716.
2, 570932429
What are the prime factors of 5236829697?
3, 11, 158691809
What are the prime factors of 258955528?
2, 13, 23, 73, 1483
What are the prime factors of 3187013489?
11, 101, 227, 12637
List the prime factors of 145909109.
145909109
What are the prime factors of 259763757?
3, 11, 17, 67, 6911
What are the prime factors of 323485166?
2, 161742583
What are the prime factors of 2494188371?
17, 146716963
List the prime factors of 239483067.
3, 5897, 13537
What are the prime factors of 837639445?
5, 167527889
List the prime factors of 6151483903.
7433, 827591
What are the prime factors of 54413257?
54413257
List the prime factors of 2644788382.
2, 1322394191
List the prime factors of 112478298.
2, 3, 29, 37, 17471
What are the prime factors of 2891562655?
5, 173, 3342847
List the prime factors of 768026771.
768026771
What are the prime factors of 6052095443?
6052095443
List the prime factors of 2880821766.
2, 3, 397, 409, 2957
List the prime factors of 509201696.
2, 37, 373, 1153
List the prime factors of 15423680.
2, 5, 157, 307
What are the prime factors of 268839208?
2, 11, 19, 160789
List the prime factors of 38072488.
2, 719, 6619
List the prime factors of 157209372.
2, 3, 4366927
What are the prime factors of 816876671?
13, 19, 23, 143791
List the prime factors of 662723247.
3, 1087, 203227
List the prime factors of 24172624.
2, 7, 215827
List the prime factors of 29802062.
2, 211, 70621
List the prime factors of 2579238393.
3, 3061, 280871
List the prime factors of 170048.
2, 2657
What are the prime factors of 677005905?
3, 5, 79, 349, 1637
List the prime factors of 16311893.
13, 1254761
What are the prime factors of 1522927031?
17, 89583943
What are the prime factors of 38502321?
3, 11, 13, 41, 199
What are the prime factors of 55546173?
3, 23, 53, 61, 83
What are the prime factors of 2328487476?
2, 3, 7, 27720089
What are the prime factors of 205064992?
2, 11, 211, 251
List the prime factors of 722974899.
3, 79, 1117, 2731
What are the prime factors of 384294678?
2, 3, 2879, 22247
List the prime factors of 2352621988.
2, 409, 1438033
What are the prime factors of 155831819?
11, 13, 29, 53, 709
What are the prime factors of 155026964?
2, 89, 443, 983
What are the prime factors of 2507144970?
2, 3, 5, 11, 47, 109, 1483
What are the prime factors of 1136922527?
13, 47, 1860757
What are the prime factors of 69781625?
5, 558253
List the prime factors of 4715179211.
17, 41, 397939
What are the prime factors of 645368?
2, 80671
What are the prime factors of 3101002371?
3, 1993, 172883
List the prime factors of 7771728194.
2, 17, 19, 12030539
What are the prime factors of 3548478408?
2, 3, 17, 511603
List the prime factors of 3148386289.
79, 39852991
List the prime factors of 6763090187.
7, 569, 1697989
What are the prime factors of 41130203?
41130203
What are the prime factors of 11971348?
2, 2992837
What are the prime factors of 799920660?
2, 3, 5, 7, 11, 41, 103
List the prime factors of 355950192.
2, 3, 13, 41